{"id":9,"date":"2025-12-30T11:08:28","date_gmt":"2025-12-30T11:08:28","guid":{"rendered":"https:\/\/svmfandena.com\/index.php\/home\/"},"modified":"2026-01-10T14:38:02","modified_gmt":"2026-01-10T14:38:02","slug":"home","status":"publish","type":"page","link":"https:\/\/svmfandena.com\/","title":{"rendered":""},"content":{"rendered":"\n<p class=\"has-text-align-center has-white-color has-text-color has-link-color has-medium-font-size wp-elements-ce8c309ec640aa523030aabc17a9530f\"><strong><em>Der FC Mfandena e.V. ist mehr als nur ein Fu\u00dfballverein. Als eingetragenerVerein vereinen wir Leidenschaft f\u00fcr den Sport mit gelebter Solidarit\u00e4t und kamerunischerGemeinschaft.Auf dem Platz stehen wir in lokalen Ligen mit Teamgeist und Fairness.<\/em><\/strong><\/p>\n\n\n\n<p><\/p>\n","protected":false},"excerpt":{"rendered":"<p>Der FC Mfandena e.V. ist mehr als nur ein Fu\u00dfballverein. Als eingetragenerVerein vereinen wir Leidenschaft f\u00fcr den Sport mit gelebter Solidarit\u00e4t und kamerunischerGemeinschaft.Auf dem Platz [&hellip;]<\/p>\n","protected":false},"author":1,"featured_media":0,"parent":0,"menu_order":0,"comment_status":"closed","ping_status":"closed","template":"page-template\/custom-home-page.php","meta":{"footnotes":""},"class_list":["post-9","page","type-page","status-publish","hentry"],"_links":{"self":[{"href":"https:\/\/svmfandena.com\/index.php\/wp-json\/wp\/v2\/pages\/9","targetHints":{"allow":["GET"]}}],"collection":[{"href":"https:\/\/svmfandena.com\/index.php\/wp-json\/wp\/v2\/pages"}],"about":[{"href":"https:\/\/svmfandena.com\/index.php\/wp-json\/wp\/v2\/types\/page"}],"author":[{"embeddable":true,"href":"https:\/\/svmfandena.com\/index.php\/wp-json\/wp\/v2\/users\/1"}],"replies":[{"embeddable":true,"href":"https:\/\/svmfandena.com\/index.php\/wp-json\/wp\/v2\/comments?post=9"}],"version-history":[{"count":8,"href":"https:\/\/svmfandena.com\/index.php\/wp-json\/wp\/v2\/pages\/9\/revisions"}],"predecessor-version":[{"id":116,"href":"https:\/\/svmfandena.com\/index.php\/wp-json\/wp\/v2\/pages\/9\/revisions\/116"}],"wp:attachment":[{"href":"https:\/\/svmfandena.com\/index.php\/wp-json\/wp\/v2\/media?parent=9"}],"curies":[{"name":"wp","href":"https:\/\/api.w.org\/{rel}","templated":true}]}}